e q/(-9) - (-80)/d. What is y(h)?
-10
Suppose -5*y + 31 = 51. Let w(r) = 5 + 0 + 8*r + 7*r**2 - r. Let c(t) = -8*t**2 - 7*t - 5. Let a(v) = 6*c(v) + 7*w(v). Calculate a(y).
-7
Let l(r) = 12 + 21*r + 15 - 29. Give l(2).
40
Let z(k) = k - 4. Let l(u) = -3. Suppose b + b - 4 = 2*j, -j = -5*b + 14. Let y(p) = b*l(p) - 2*z(p). Calculate y(-4).
7
Let p(f) = 4*f**2 + 20*f + 10. Let n be p(-4). Let s(i) = i**2 + 8*i + 8. Calculate s(n).
-4
Let b = -33 - -30. Let m(t) be the first derivative of 2*t**2 - t - 26. Give m(b).
-13
Let s(l) be the third derivative of -l**6/120 - 11*l**5/60 - l**4/2 - 5*l**3/3 - l**2 - 118. What is s(-10)?
10
Let v(c) = 9*c + 2. Let a be ((-2)/(-4))/((-13)/(-156)). Let l(y) = 4*y + 1. Let h(t) = a*v(t) - 13*l(t). Give h(2).
3
Suppose -2*o = o. Let y = -22 - -29. Let p(d) = 11 + 0*d - 5 - y - d. Give p(o).
-1
Let g(q) = 24*q - 2*q - 6*q - 8*q - 2 - 7*q. Determine g(7).
5
Let l(u) be the third derivative of u**4/8 - 13*u**3/6 - 13*u**2 - 5. What is l(3)?
-4
Let n be (-2 - -2) + (-2 - -2). Let t(m) = n*m - 4 + 2*m - m. Let k be (-2)/((-8)/(-12)) + 6. Give t(k).
-1
Let l(b) = b**2 + b - 2. Let k be l(2). Let z(p) = -k - 9*p + 1 + 10*p. Suppose 0 = -9*c + 5*c + 20. Give z(c).
2
Let j(x) = -x**2 - 14*x + 53. Let a be j(3). Let o(g) be the second derivative of 1/12*g**4 + 5*g + 5/6*g**3 + 0 - 3*g**a. Give o(-6).
0
Suppose -40 = -14*j - 96. Let n(k) be the third derivative of k**6/120 + k**5/20 - k**4/6 + k**3/6 - 10*k**2. Give n(j).
1
Let t be 4/(-6)*12/(-4). Suppose 0 = 3*n + t*n - 4*x + 23, n + 1 = -x. Let l(w) = w - 1. Determine l(n).
-4
Let h = -321 + 316. Let m(w) = -10*w - 7. What is m(h)?
43
Let a(r) = 5*r - 7. Suppose 0 = 5*d - 4*w + 42, 2*d + 3*w + 24 = -2. Let u be (4/d)/(10/(-150)). What is a(u)?
23
Let f(l) = l**3 + 7*l**2 - 3*l - 8. Let v(c) = -c**3 - 13*c**2 + 46*c - 38. Let u be v(-16). What is f(u)?
46
Let l(u) = -u**3 + 6*u**2 + 8*u - 8. Let k = -33 - -40. Let b be l(k). Let n(z) = 4*z**2 + z + 1. Give n(b).
4
Suppose 9*l = 4*l + 20. Suppose -4*f + 2*h = -6, l*f - 5*h - 4 = -h. Let d(i) = 3*i**f + i + 2 - i**2 - i**2 - 4. What is d(2)?
4
Let o = 10 - 24. Let j = o - -18. Let p(i) be the first derivative of i**3/3 - 5*i**2/2 + 2*i + 3. Determine p(j).
-2
Let x(q) be the second derivative of q**7/840 - 2*q**3 + 16*q. Let b(l) be the second derivative of x(l). Determine b(0).
0
Suppose -p + 3*o = -18, -o = 3*p + o + 1. Let b(i) = -i**3 + 0*i**p - 7*i**3 - i**2 + 0*i**3 - i - 1. Suppose -3*x - 4 = x. Calculate b(x).
7
Let p(j) = j**3 + 3*j**2 - 19*j - 2. Let h(d) = -2*d**2 - 58*d + 186. Let o be h(-32). Determine p(o).
4
Let q(d) = -37 - 3*d + 26 + 14. Let l be (1 - -8) + 0 + 0. Suppose 0 = -3*v + 7*a - 2*a + l, -5*a = -5*v + 15. Determine q(v).
-6
Let k = -24 - -29. Suppose -10 = 3*u - k*u. Let q(r) = r**3 - 6*r**2 + 8*r - 7. Calculate q(u).
8
Let a = -2547 - -2555. Let i(r) = 2*r - 3. Determine i(a).
13
Let n(i) be the first derivative of -3*i**2/2 - 3*i - 58. Determine n(-4).
9
Suppose -20 = i - 6*i. Suppose -i*r = 2*a, 0 = a + 2*a - 4*r - 10. Let t(j) = 2*j + 2 + 2 - 3*j + a*j. Calculate t(0).
4
Suppose r + 3 - 9 = 0. Suppose -r*w + w = 0. Let i(u) = 35 + u + w*u - 41. Give i(-5).
-11
Let o(f) = -f**2 + 2*f + 2. Let i(g) = g**3 - 4*g**2 - 11*g - 1. Let b be i(6). Suppose -4*x = b*v - 3*x - 20, -4*v - 3*x = -27. Calculate o(v).
-1
Suppose 0 = -7*n + 3*n - 24. Suppose -3*b - 2*x = -24, 3*b + 43 = 7*b - x. Let o(m) = -8 - 7*m**2 + 30*m**3 - b*m - 31*m**3 - 1. Give o(n).
15
Let f(s) be the first derivative of -1/2*s**4 + 1/3*s**3 + 1/20*s**5 + 9*s - 10 - s**2. Let k(j) be the first derivative of f(j). Give k(6).
10
Let t(n) = 20*n - 55*n + 19*n - 2*n**3 + 15*n. Determine t(1).
-3
Suppose 49*a - 191 = 103. Suppose b - 4*b + 22 = 4*l, 5*l - 18 = b. Let z(h) = -h - h**b + 7*h - 5 + 0*h. Calculate z(a).
-5
Let c(d) = -2*d + 18*d**2 - 8*d**2 - 10*d**2 - 2 - 6*d**2 - d**3. Give c(-3).
-23
Let g(u) be the first derivative of -u**4/2 + 5*u**3/3 + 3*u**2/2 - 3*u + 210. Give g(4).
-39
Let f = -2 - 0. Let l(z) be the first derivative of -z**5/20 + z**3/3 - z**2/2 + 15*z - 9. Let a(n) be the first derivative of l(n). Calculate a(f).
3
Let l(m) = -m - 11. Let n(h) = h - 19. Let s be n(14). Let d be l(s). Let x be (-2 - 0) + d/(-1). Let g(y) = y**2 - 5*y + 1. What is g(x)?
-3
Suppose 33 = -3*b + 105. Let n = 23 - b. Let c(z) = 3*z**2 + z. Calculate c(n).
2
Let f(u) = 2*u - 1. Suppose 3*q + 2*v = 25, q - 6*q = -5*v - 75. Suppose -26 + q = 5*x. Let b be -8 + (4 - (-6)/x). What is f(b)?
-13
Let q(h) = -4*h + 5 + 15 + 11 - 28 + 2*h**2. What is q(4)?
19
Suppose 18*y - 4 = 20*y, 4*y + 8 = -5*w. Let o(h) = -h**3 + h - 10. Determine o(w).
-10
Let v(f) be the first derivative of -f**3/3 + 3*f**2/2 + 1. Let r(u) = 4*u**2 - 10*u. Let p(i) = 2*r(i) + 7*v(i). Let b = 207 + -207. What is p(b)?
0
Let n be -2 + (0 + (-26)/8)*-4. Let g(p) = -8 + 2 + n + 0 + p. Determine g(-4).
1
Let i = -13 + 8. Suppose 0 = -4*q - 7 + 15. Let m(s) = s**2 + 0 + 6*s - 2*s**2 - 4 + 2*s**q. What is m(i)?
-9
Suppose 19*v - 217 - 106 = 0. Let x(u) = -u**3 + 17*u**2 - 3. What is x(v)?
-3
Suppose v - 3*v - 5*s = 5, -4 = 3*v + 4*s. Suppose 4*k - 4 = -v. Let l(n) be the first derivative of -5*n**4/2 + n**3/3 - n**2/2 - 56. Determine l(k).
-10
Suppose 0 = 3*i - 4*d + 31, 3*d - 40 = 4*i - 1. Let l(q) = -q**3 - 9*q**2 + q + 7. Give l(i).
-2
Let m(w) be the second derivative of 0 + w**2 + 3*w + 3/2*w**3. Determine m(-2).
-16
Let s(a) = a - 5. Let f(w) = -16*w - 21. Let v(p) = f(p) - 4*s(p). Determine v(-1).
19
Let x(w) be the second derivative of 3*w + 2/3*w**4 + 1/2*w**2 + 0 - 1/6*w**3. Calculate x(1).
8
Let l(x) = 0 + 3 + x + 2*x**2 - 5*x. Let j be (-12)/(-2) + ((-20)/(-8 - -3) - 7). Determine l(j).
9
Let l(n) = n**2 + 6*n + 8. Let v = -1463 + 1460. Calculate l(v).
-1
Let a(r) = -3*r**2 + 3*r + 3. Let h(p) = -p + 5. Let u be h(0). Let l be (5*6/u)/2. Determine a(l).
-15
Let a(s) = -10*s**3 - s**2 - s - 1. Let x be (3 - 5 - -18)/1. Suppose 0 = 4*b + x, -3*y - 11 = -4*y + 3*b. Determine a(y).
9
Let r = -232 + 232. Let m(z) = -z**3 + z**2. Let k(q) = q**2 - q + 5. Let s(v) = -k(v) + m(v). Calculate s(r).
-5
Let j(u) = -u**3 - 7*u**2 - 9*u - 4. Suppose -5*k - i + 30 = -184, k = 4*i + 26. Let w = 36 - k. Determine j(w).
14
Let d(i) = -i + 1. Let k(b) = b. Let u(p) = -d(p) + 3*k(p). Let r(o) = o**2 + 5*o + 3. Let w be r(-3). Let y = 5 + w. Give u(y).
7
Let m = 11 - 7. Let b be 0/((-1*m)/(-4)). Let u(s) = b*s + 0*s**3 + 4*s + 6 + s**3 - 3 + 5*s**2. What is u(-3)?
9
Let w(t) = -17*t**3 + 5*t**2 + 29*t**3 - 1 - 11*t**3 + 2. Suppose -4*m = -0*g - 5*g - 45, 15 = 3*m. What is w(g)?
1
Let w(g) be the second derivative of -g**5/20 - g**4/4 + g**3/2 - 5*g**2/2 + g. Let t(m) = 2*m - 20. Let n be t(11). Suppose -n*q - 2 = 6. Calculate w(q).
-1
Let z(t) = t + 2. Let x(s) = -s**3 + 3*s**2 + 6*s + 8. Let h be x(-2). Suppose 14*l - h*l = 4. Give z(l).
0
Suppose -72 = -3*n + 2*l, 133 = 4*n + 2*l + 51. Let i(m) = 4 - 27*m + 48*m - 2 - n*m. Let h(s) = s**3 + 3*s**2 + s + 3. Let j be h(-3). What is i(j)?
2
Suppose -19*y = -25*y - 18. Let j(n) = 22 - n - 22. Give j(y).
3
Let m(y) = y**3 - 2*y**2 - 11*y - 3. Let i(c) = -c**3 + 2*c**2 + 12*c + 4. Let o(v) = 6*i(v) + 7*m(v). Let k = -3 - -4. Suppose d = k + 2. Calculate o(d).
-3
Let g(q) = q**3 + 9*q**2 + 8*q - 2. Suppose 22 = -2*p + 4. Let d be (15/(-10))/(0 - p/48). Determine g(d).
-2
Let u(c) = -c - 9. Suppose 0 = -3*o - 12, -7*i + 9*i = o - 30. What is u(i)?
8
Let u(f) be the third derivative of f**6/120 + f**5/12 - 7*f**4/12 - f**3/2 + 28*f**2. Let d be u(-7). Let c(i) = -i**3 - 2*i**2 + 3*i - 1. Give c(d).
-1
Let d(u) = -u**2 - u + 3. Let v(y) = -y**2 + 4. Let z(k) = -2*d(k) + 3*v(k). What is z(-4)?
-18
Suppose -1 = 4*f + 3*v - 8, 3*v + 25 = 4*f. Let j(o) = -o**3 + 7*o**2 - 4*o - 5. Give j(f).
27
Let w be (-8)/52 + -277*(-18)/(-39). Let s = -123 - w. Let i(n) = -n**3 + 4*n**2 + 4*n + 5. Give i(s).
0
Let b(r) = -15*r - 1. Suppose 8 = 5*o - v, -o - 2*v + 6 = -0*o. Give b(o).
-31
Let g(o) = -5*o**2 - 9*o. Let j(l) = 6*l**2 + 12*l - 1. Let h(f) = -5*g(f) - 4*j(f). Give h(-6).
58
Let f(w) = -2*w - 6. Let a = -33 - -35. Let b = -2 - a. What is f(b)?
2
Let t(r) = r**2 + r**3 - 4*r**2 - 4*r - 1 + 3*r. Suppose 3*u - 5*g - 124 = 0, 2*u = 6*g - 4*g + 76. Le